{"id":819,"date":"2022-07-09T17:05:40","date_gmt":"2022-07-09T15:05:40","guid":{"rendered":"https:\/\/soaig.eu\/?page_id=819"},"modified":"2023-11-16T11:56:09","modified_gmt":"2023-11-16T10:56:09","slug":"concepts","status":"publish","type":"page","link":"https:\/\/soaig.eu\/index.php\/concepts\/","title":{"rendered":"Concepts"},"content":{"rendered":"\n<p>Je collabore avec les artistes de sc\u00e8ne et plus particuli\u00e8rement les danseurs&#8230;<br><br>A chaque s\u00e9ance photo, les artistes sont invit\u00e9s \u00e0 interagir avec la sc\u00e9nographie.  Le d\u00e9cor et les \u00e9clairages sont ajust\u00e9s au fur et \u00e0 mesure des expressions et des mouvements du mod\u00e8le. Dans la succession des images photographiques, chaque concept visuel se r\u00e9v\u00e8le alors dans la dynamique des gestes.<br><br>Je r\u00e9alise ces exp\u00e9rimentations photographiques alternativement \u00e0 Paris et \u00e0 P\u00e9kin (Chine).<br><br><br><\/p>\n\n\n<div class=\"wp-block-image\">\n<figure class=\"aligncenter size-large is-resized\"><a href=\"https:\/\/soaig.eu\/index.php\/galleries\/concepts-artistes-paris\/\"><img loading=\"lazy\" src=\"https:\/\/soaig.eu\/wp-content\/uploads\/2022\/07\/mosaic-paris-artistes-1024x205.jpg\" alt=\"\" class=\"wp-image-907\" width=\"865\" height=\"173\"\/><\/a><figcaption class=\"wp-element-caption\"><strong><a href=\"https:\/\/soaig.eu\/index.php\/galleries\/concepts-artistes-paris\/\">1 &#8211; Concepts d&rsquo;Artistes r\u00e9alis\u00e9s \u00e0 Paris<\/a><\/strong><\/figcaption><\/figure><\/div>\n\n\n<p>   <\/p>\n\n\n<div class=\"wp-block-image\">\n<figure class=\"aligncenter size-large is-resized\"><a href=\"https:\/\/soaig.eu\/index.php\/galleries\/concepts-artistes-beijing\/\"><img loading=\"lazy\" src=\"https:\/\/soaig.eu\/wp-content\/uploads\/2022\/07\/mosaic-beijing_artistes-1024x205.jpg\" alt=\"\" class=\"wp-image-909\" width=\"865\" height=\"173\"\/><\/a><figcaption class=\"wp-element-caption\"><strong><a href=\"https:\/\/soaig.eu\/index.php\/galleries\/concepts-artistes-beijing\/\">2- Concepts d&rsquo;Artistes r\u00e9alis\u00e9s \u00e0 P\u00e9kin<\/a><\/strong><\/figcaption><\/figure><\/div>\n\n\n<p>   <\/p>\n\n\n<div class=\"wp-block-image\">\n<figure class=\"aligncenter size-large is-resized\"><a href=\"https:\/\/soaig.eu\/index.php\/galleries\/concepts-eleves-beijing\/\"><img loading=\"lazy\" src=\"https:\/\/soaig.eu\/wp-content\/uploads\/2022\/07\/mosaic-beijing_eleves-1024x205.jpg\" alt=\"\" class=\"wp-image-911\" width=\"862\" height=\"172\"\/><\/a><figcaption class=\"wp-element-caption\"><strong><a href=\"https:\/\/soaig.eu\/index.php\/galleries\/concepts-jeunes-danseuses-beijing\/\">3- Concepts r\u00e9alis\u00e9s avec de jeunes Danseuses \u00e0 P\u00e9kin<\/a><\/strong><\/figcaption><\/figure><\/div>","protected":false},"excerpt":{"rendered":"","protected":false},"author":1,"featured_media":0,"parent":0,"menu_order":0,"comment_status":"closed","ping_status":"closed","template":"","meta":[],"_links":{"self":[{"href":"https:\/\/soaig.eu\/index.php\/wp-json\/wp\/v2\/pages\/819"}],"collection":[{"href":"https:\/\/soaig.eu\/index.php\/wp-json\/wp\/v2\/pages"}],"about":[{"href":"https:\/\/soaig.eu\/index.php\/wp-json\/wp\/v2\/types\/page"}],"author":[{"embeddable":true,"href":"https:\/\/soaig.eu\/index.php\/wp-json\/wp\/v2\/users\/1"}],"replies":[{"embeddable":true,"href":"https:\/\/soaig.eu\/index.php\/wp-json\/wp\/v2\/comments?post=819"}],"version-history":[{"count":22,"href":"https:\/\/soaig.eu\/index.php\/wp-json\/wp\/v2\/pages\/819\/revisions"}],"predecessor-version":[{"id":1149,"href":"https:\/\/soaig.eu\/index.php\/wp-json\/wp\/v2\/pages\/819\/revisions\/1149"}],"wp:attachment":[{"href":"https:\/\/soaig.eu\/index.php\/wp-json\/wp\/v2\/media?parent=819"}],"curies":[{"name":"wp","href":"https:\/\/api.w.org\/{rel}","templated":true}]}}