{"id":345,"date":"2022-02-18T18:09:06","date_gmt":"2022-02-18T17:09:06","guid":{"rendered":"http:\/\/soaig.eu\/?page_id=345"},"modified":"2023-12-06T09:15:10","modified_gmt":"2023-12-06T08:15:10","slug":"accueil","status":"publish","type":"page","link":"https:\/\/soaig.eu\/","title":{"rendered":"Accueil"},"content":{"rendered":"\n<figure class=\"wp-block-gallery has-nested-images columns-default is-cropped wp-block-gallery-1 is-layout-flex\">\n<figure class=\"wp-block-image size-large\"><img loading=\"lazy\" width=\"1024\" height=\"257\" data-id=\"702\"  src=\"https:\/\/soaig.eu\/wp-content\/uploads\/2022\/04\/banniere-1500px-1024x257.jpg\" alt=\"\" class=\"wp-image-702\"\/><\/figure>\n<\/figure>\n\n\n\n<p class=\"has-text-align-center\"><strong><a href=\"https:\/\/soaig.eu\/index.php\/contact\/\">Sylvain Richer, Soaig, artiste photographe<\/a><br><\/strong><br>J&rsquo;exp\u00e9rimente la photographie avec les Artistes de Sc\u00e8ne. <br>Le but est de faire d\u00e9couvrir mes recherches dans des livres et dans des expositions.  <br>Je travaille alternativement \u00e0 Paris et \u00e0 P\u00e9kin (Chine).<br><br>x <a href=\"https:\/\/soaig.eu\/index.php\/concepts\/\"><strong>Je r\u00e9alise des concepts photographiques<\/strong><\/a><br><br><a href=\"http:\/\/soaig.eu\/index.php\/galleries\/portraits\/\"><strong>x Je r\u00e9alise des portraits<\/strong><\/a><br><br><strong><a href=\"https:\/\/soaig.eu\/index.php\/galleries\/scenographies\/\">x Je r\u00e9alise des sc\u00e9nographies originales<\/a><\/strong><br><br><strong><a href=\"https:\/\/soaig.eu\/index.php\/livres\/\">x Des Livres ont \u00e9t\u00e9 \u00e9dit\u00e9 \u00e0 partir de mon travail<\/a><\/strong><\/p>\n\n\n\n<p class=\"has-text-align-center\">Des expositions sont aussi organis\u00e9es.<br><br><\/p>\n\n\n\n<p><\/p>\n\n\n<div class=\"wp-block-image\">\n<figure class=\"aligncenter size-large\"><img loading=\"lazy\" width=\"1024\" height=\"213\" src=\"https:\/\/soaig.eu\/wp-content\/uploads\/2022\/03\/mosaic-prise-de-vues-1500px-1-1024x213.jpg\" alt=\"\" class=\"wp-image-584\"\/><\/figure><\/div>","protected":false},"excerpt":{"rendered":"","protected":false},"author":1,"featured_media":0,"parent":0,"menu_order":0,"comment_status":"closed","ping_status":"closed","template":"portfolio-4-wide.php","meta":[],"_links":{"self":[{"href":"https:\/\/soaig.eu\/index.php\/wp-json\/wp\/v2\/pages\/345"}],"collection":[{"href":"https:\/\/soaig.eu\/index.php\/wp-json\/wp\/v2\/pages"}],"about":[{"href":"https:\/\/soaig.eu\/index.php\/wp-json\/wp\/v2\/types\/page"}],"author":[{"embeddable":true,"href":"https:\/\/soaig.eu\/index.php\/wp-json\/wp\/v2\/users\/1"}],"replies":[{"embeddable":true,"href":"https:\/\/soaig.eu\/index.php\/wp-json\/wp\/v2\/comments?post=345"}],"version-history":[{"count":48,"href":"https:\/\/soaig.eu\/index.php\/wp-json\/wp\/v2\/pages\/345\/revisions"}],"predecessor-version":[{"id":1160,"href":"https:\/\/soaig.eu\/index.php\/wp-json\/wp\/v2\/pages\/345\/revisions\/1160"}],"wp:attachment":[{"href":"https:\/\/soaig.eu\/index.php\/wp-json\/wp\/v2\/media?parent=345"}],"curies":[{"name":"wp","href":"https:\/\/api.w.org\/{rel}","templated":true}]}}